- 16, -17 = -4*l + i*x + 1. Let y(r) = 2*r**2 + 2*r + 1. What are the prime factors of y(l)?
13
Suppose -5*r + 5*l - 15 = 0, -7*l + 13 = -3*r - 2*l. Let t(n) be the first derivative of -n**4/2 + 2*n**3/3 + n**2 + n + 5. List the prime factors of t(r).
3
Let i be (2/5)/((-2)/(-20)). Suppose u = -i*u. Suppose u*b = -b + 10. List the prime factors of b.
2, 5
List the prime factors of (47/2*-8)/(4/(-8)).
2, 47
Let q(j) = -2*j**3 - 4*j**2 - 4*j - 3. Let h be q(-2). Suppose h*k - 3*k = 44. List the prime factors of k.
2, 11
Suppose -3*j + 8 = -j, -j + 17 = c. Suppose -29 = -3*a + 2*q - 6*q, -2*a - q + 11 = 0. What are the prime factors of c/(-2)*(-6)/a?
13
Suppose 2*f - 98 + 40 = 0. Let v = f + -15. List the prime factors of v.
2, 7
Let m be ((-17)/(-4))/(2/(-8)). Let p = -22 - -46. Let k = p + m. What are the prime factors of k?
7
Suppose 4*p - 3*i - 21 = 0, p + 4*p - 3 = -4*i. Let v(f) = f**3 - f**2 - 2*f - 4. List the prime factors of v(p).
2
Suppose 2*n - 206 = 2*l, 5*n - 185 = l + 322. What are the prime factors of n?
101
Let d be 2/10 + (-57)/(-15). List the prime factors of d/14 + 141/21.
7
Suppose 0 = -2*s + c + 145, 4*s + 5*c - 163 - 120 = 0. What are the prime factors of s?
2, 3
Let n(f) = -f + 14. Let x(w) = 2*w - 6. Let q = 14 - 7. Let z be x(q). What are the prime factors of n(z)?
2, 3
Let p(m) = -m**2 + 3*m. Let x be p(2). Suppose -x*n - 101 = -3*f, 5*f + n - 177 = -0*n. What are the prime factors of f?
5, 7
Let t(u) = -u**3 + 9*u**2 + 13*u - 5. List the prime factors of t(10).
5
Suppose g - 113 = -9. What are the prime factors of g?
2, 13
Let r(n) = n**3 - 7*n**2 + 7*n + 2. Let o be r(6). Suppose -4*p + 4*t = -64, 3*p - t - 64 = -2*t. Let y = p - o. List the prime factors of y.
2, 3
Let x be 2 + 11*(2 - -1). Let d = 60 - 44. Suppose -d = -3*o + x. List the prime factors of o.
17
Let h(z) = z - 1. Let c be h(3). Suppose 0 = 3*n + 2*i - 16, 0 = -4*n - 0*i - c*i + 24. Suppose y = f - 4*f + 13, 4*f - n = y. What are the prime factors of f?
3
Let j = -10 + 0. Suppose -3*w + 6*p - 12 = 2*p, 3*w + 2*p + 12 = 0. Let q = w - j. List the prime factors of q.
2, 3
Suppose -2*b = -5*b + 21. Suppose 2*a - 32 = -5*f, 2*f - 10 = b*f. What are the prime factors of a?
3, 7
Let u = 124 + -55. What are the prime factors of u?
3, 23
Suppose -2*z - 20 = -144. What are the prime factors of z?
2, 31
Suppose 0 = -3*t + 50 + 127. List the prime factors of t.
59
Suppose -2*k + 48 = -k - 5*g, -5*k = -5*g - 160. Let l = -3 + 5. Suppose 4*s = -20, -o + k = -l*s - 0*s. What are the prime factors of o?
2, 3
Let x(k) be the second derivative of -k**4/12 - 2*k**3/3 + 3*k**2/2 - 2*k. Let c be x(-4). Suppose 9 + c = s. List the prime factors of s.
2, 3
Let p(a) = 2*a**3 - 3*a**2 + 1. Let q be p(2). Suppose -4*t + q*t = 3. Suppose -4*l + 20 = 2*u, 2*l - 2*u = t - 5. What are the prime factors of l?
3
Let l = -18 - -32. List the prime factors of l.
2, 7
Let k be -3*3/((-3)/(-5)). List the prime factors of 44/2*k/(-10).
3, 11
Let i = 31 - 22. What are the prime factors of i?
3
Let j(a) = a**3 + 2*a**2 - 11*a + 21. List the prime factors of j(5).
3, 47
Let h(y) = y**2 + 8*y + 17. What are the prime factors of h(-10)?
37
Let t = -11 - -20. Suppose -2*h + h = t. Let o = h - -23. What are the prime factors of o?
2, 7
Suppose 7*g = 3*g + 8. Suppose -5*k + y - 6 + 14 = 0, -g*y + 2 = -k. What are the prime factors of k?
2
Let b be ((-3)/2)/((-3)/4). Suppose -2 - b = -4*k. Let w = 2 + k. What are the prime factors of w?
3
Let v be (-45)/(-6)*(-8)/(-3). Suppose -2*g + 2*z + 10 = -10, 4*g + z = v. Suppose -x = q - 3, g*q - 57 = 2*q + 5*x. List the prime factors of q.
2
What are the prime factors of 125/2 - 1/2?
2, 31
Suppose -8*d = 28 - 12. Let w(u) be the first derivative of 2*u**3 + u**2 + 1. What are the prime factors of w(d)?
2, 5
Let u(j) = -j**3 + 3*j**2 + 6*j - 5. Let y be u(4). Let b(v) = v**3 - 2*v**2 + v. Let s be b(2). Suppose y*a = -s*a + 20. What are the prime factors of a?
2
Let p = 18 - -15. List the prime factors of p.
3, 11
Let g(z) = z**2 - 2*z - 5. Let m be g(4). Suppose 55 = -5*i + 3*d, -5*i - m*d + 0 = 25. Let s = 23 + i. List the prime factors of s.
3, 5
Suppose 2*t - 115 = 177. What are the prime factors of t?
2, 73
Let z(b) = 2*b + b**2 - 5*b - 3*b. Let x be z(6). Suppose x = 3*j - 7 - 17. What are the prime factors of j?
2
List the prime factors of ((-117)/6)/((-5)/30).
3, 13
Let u(f) = 11*f + 6. What are the prime factors of u(3)?
3, 13
Suppose -5*z + 67 = -2*l - 63, -2*z - 2*l + 38 = 0. What are the prime factors of z?
2, 3
Let w = 41 - 21. Suppose -u + 3 + 8 = 0. Let y = w - u. List the prime factors of y.
3
Suppose -2*r = b + 8, r = 3*r + 2*b + 6. Let y = r - -9. List the prime factors of y.
2
Suppose -136 = -5*o - 4*y, 0 = -3*o - 4*y - 0*y + 88. Suppose -4*c - 3 = -p, 2*c + 2 = 4*p - o. What are the prime factors of p?
7
Suppose -6 = -3*y + 5*y. Let x be 2/y*1*-3. Suppose -x*n - 14 = -4*n. List the prime factors of n.
7
Suppose 2*a - 1 + 27 = 0. Let y = a - -7. List the prime factors of y/10 + (-88)/(-5).
17
Let z(b) = -b**3 - 11*b**2 + 9*b. List the prime factors of z(-12).
2, 3
Let g(s) = -s**2 + s - 1. Let f be g(1). What are the prime factors of (-1 - f)/(-3) - -2?
2
Let h(n) = 9*n**2 + 8*n + 10. List the prime factors of h(-5).
3, 5, 13
Let w = -90 - -129. List the prime factors of w.
3, 13
Let s = 8 + -5. Suppose s*u = -0*u - 18. Let w(o) = -o**3 - 6*o**2 + o + 8. List the prime factors of w(u).
2
Suppose 3*i - 9 + 3 = 0. List the prime factors of 99/(-18)*i/(-1).
11
Let a = -3 + 5. Suppose 0 = l + 2*t + 3*t + 8, a*l = -5*t - 1. Suppose 0 = 2*u - 4, h + 2*u = l + 5. List the prime factors of h.
2
Suppose -3*l - 10 = -5*i, l - 5*i + 40 = 4*l. Suppose 5*g + 3*w - w = 147, l*w + 113 = 3*g. List the prime factors of g.
31
Let c(x) = -x**3 + 8*x**2 + 12*x - 8. Let a = 15 + -6. List the prime factors of c(a).
19
Let s(b) = b**2 - 2*b + 1. Let f be s(3). Suppose 4 + f = -q. Let v(k) = -k**3 - 8*k**2 - k + 3. List the prime factors of v(q).
11
Suppose -h + 5*x = -144, 6 = -4*x - 6. List the prime factors of h.
3, 43
Suppose f = 3 - 1. Suppose f*i + 4*d = 44, -4*d + 10 + 10 = 0. What are the prime factors of i?
2, 3
Let n = 31 - -13. List the prime factors of n.
2, 11
List the prime factors of (-2)/(-4) - 637/(-14).
2, 23
Suppose 0 = 2*p - 5*h - 19, -6 - 10 = -5*p + 2*h. Suppose 6 - p = 2*s. List the prime factors of s.
2
Suppose -51*q + 97 = -50*q. List the prime factors of q.
97
Let q(l) = l. Let x(u) = u**2 - 3*u - 2. Let b(f) = 3*q(f) + x(f). What are the prime factors of b(-3)?
7
Let s(o) = 19*o - 1. List the prime factors of s(8).
151
Let j be 21/(-3) + 1/(-1). List the prime factors of 387/11 - j/(-44).
5, 7
Let r(m) = -m + 4. Let b be r(2). Suppose 0 = b*d - 7*d + 30. List the prime factors of d.
2, 3
Suppose -3*b = -1 - 101. List the prime factors of b.
2, 17
Suppose -190 = -5*s + 2*i + 3*i, 4*s - 176 = -2*i. What are the prime factors of s?
2, 3, 7
Let c = -6 + 6. Let x(g) be the first derivative of -g**2/2 + 5*g - 2. List the prime factors of x(c).
5
Let f be 16/10 - 4/(-10). Let b(u) = f*u + 14 - 2*u - u + 0*u. List the prime factors of b(8).
2, 3
Let t = 67 + -14. Let k = 76 - t. What are the prime factors of k?
23
Let y(c) = 2*c - 2. Let r = 6 - 4. Let g be y(r). Suppose -2*s - 11 = -j, 0*j - 22 = -g*j + 2*s. List the prime factors of j.
11
Suppose 3*m = -2*m + 5. Let l(d) = d**2 + 8*d + 10. Let i be l(-7). Let v = i + m. List the prime factors of v.
2
Suppose 5*g + 448 - 1483 = -2*h, -5*h = -5*g + 1035. What are the prime factors of g?
3, 23
Let v(l) = l**2 - 7*l + 6. Let z be v(4). Let n be ((-3)/(-2 - -1))/1. What are the prime factors of (-15)/(-2) + n/z?
7
Suppose -4*s + 15 = f, -20 = -2*s + 2*f - 0. Suppose -3*u = 15, -5*i + 0*u - s*u = -40. What are the prime factors of i?
13
Suppose -2*k + 11 = -113. Let x = 91 - k. List the prime factors of x.
29
Let s(b) = -b**2 - 8*b + 4*b + 2*b**2. What are the prime factors of s(6)?
2, 3
Suppose 0*a = 4*a. Suppose -4*o = -a*o - 5*i - 81, -2*o = 4*i - 8. List the prime factors of o.
2, 7
Suppose -3*q + 4*r + 182 = -q, -3*r + 147 = 2*q. List the prime factors of q.
3
Let z be 2 - (-1)/(3/132). Let a = z + -33. What are the prime factors of a?
13
Let b(j) = -5*j + 19. List the prime factors of 